{"id":474,"date":"2012-03-01T11:15:07","date_gmt":"2012-03-01T10:15:07","guid":{"rendered":"https:\/\/bodiljonsson.se\/blog\/?page_id=474"},"modified":"2012-03-01T11:15:07","modified_gmt":"2012-03-01T10:15:07","slug":"11-mer-ar-annorlunda-att-bli-aldre-i-en-ny-tid","status":"publish","type":"page","link":"https:\/\/bodiljonsson.se\/blog\/11-mer-ar-annorlunda-att-bli-aldre-i-en-ny-tid","title":{"rendered":"11. Mer \u00e4r annorlunda &#8211; att bli \u00e4ldre i en ny tid"},"content":{"rendered":"<p>Till sommaren\/ h\u00f6sten kommer jag med en ny bok som jag sj\u00e4lv vill skall heta &#8221;Mer \u00e4r annorlunda &#8211; att bli \u00e4ldre i en ny tid&#8221;. Det \u00e4r l\u00e5ngt ifr\u00e5n s\u00e4kert att den kommer att heta s\u00e5 &#8211; det brukar bli ganska s\u00e5 heta f\u00f6rhandlingar med f\u00f6rlaget. Men sj\u00e4lv tycker jag den titeln vore j\u00e4ttebra f\u00f6r att t\u00e4cka in vad jag vill lyfta fram\u00a0n\u00e4r jag skruvar till Horisont-boken ett varv till.<\/p>\n<p>Det \u00e4r s\u00e5 MYCKET som har kommit fram sedan jag hade f\u00f6rstamanus till Horisont-boken klar f\u00f6r 14 m\u00e5nader sedan och sedan den kom ut f\u00f6r 10 m\u00e5nader sedan. Mer av \u00e5rsringar, tankar, samtal, erfarenheter, ja, mer av vad som helst, blir s\u00e4llan\u00a0bara MER eller FLER; det blir i st\u00e4llet till n\u00e5got just\u00a0ANNORLUNDA. D\u00e4rtill tycker jag det vore lite kul\u00a0att f\u00e5 leka med\u00a0ett &#8221;\u00e4ldre&#8221; i undertiteln denna g\u00e5ng f\u00f6r att markera att f\u00f6rra g\u00e5ngen var grundperspektivet att bli &#8221;gammal&#8221;, nu handlar det\u00a0om att bli &#8221;\u00e4ldre&#8221;, dvs om det d\u00e4r &#8221;mer&#8221; som blir &#8221;annorlunda&#8221;.<\/p>\n<p>N\u00e5ja, s\u00e5dant \u00e4r petitesser (fast kanske viktigt) &#8211; det intressanta \u00e4r att positionerna\u00a0faktiskt flyttats fram s\u00e5 l\u00e5ngt att det nu \u00e4r dags f\u00f6r en ny bok. Jag kan helt enkelt inte h\u00e5lla mer i huvudet.. Dags allts\u00e5 att s\u00e4tta ner foten. Boken kommer att inneh\u00e5lla inte bara m\u00e5nga av mina f\u00f6rslag, insatta i sina sammanhang, utan ocks\u00e5 en fortsatt tankeutveckling.\u00a0Men ni som f\u00f6ljer denna bloggen kommer att k\u00e4nna igen er i det mesta &#8211; i sj\u00e4lva verket \u00e4r det ju bl a h\u00e4r som det kontinuerliga arbetet p\u00e5g\u00e5r. Observera att jag s\u00e4ger just &#8221;arbetet&#8221; f\u00f6r vad \u00e4r alla dessa f\u00f6rs\u00f6k och undringar och ansatser och &#8230; annat \u00e4n just ett (ibland) h\u00e5rt och (ofta) gl\u00e4djefullt arbete.<\/p>\n<p>Allt gott<\/p>\n<p>Bodil<\/p>\n","protected":false},"excerpt":{"rendered":"<p>Till sommaren\/ h\u00f6sten kommer jag med en ny bok som jag sj\u00e4lv vill skall heta &#8221;Mer \u00e4r annorlunda &#8211; att bli \u00e4ldre i en ny tid&#8221;. Det \u00e4r l\u00e5ngt ifr\u00e5n s\u00e4kert att den kommer att heta s\u00e5 &#8211; det brukar &hellip;<\/p>\n<p class=\"read-more\"> <a class=\"more-link\" href=\"https:\/\/bodiljonsson.se\/blog\/11-mer-ar-annorlunda-att-bli-aldre-i-en-ny-tid\"> <span class=\"screen-reader-text\">11. Mer \u00e4r annorlunda &#8211; att bli \u00e4ldre i en ny tid<\/span> L\u00e4s mer &raquo;<\/a><\/p>\n","protected":false},"author":2,"featured_media":0,"parent":0,"menu_order":0,"comment_status":"open","ping_status":"open","template":"","meta":{"footnotes":""},"class_list":["post-474","page","type-page","status-publish","hentry"],"_links":{"self":[{"href":"https:\/\/bodiljonsson.se\/blog\/wp-json\/wp\/v2\/pages\/474","targetHints":{"allow":["GET"]}}],"collection":[{"href":"https:\/\/bodiljonsson.se\/blog\/wp-json\/wp\/v2\/pages"}],"about":[{"href":"https:\/\/bodiljonsson.se\/blog\/wp-json\/wp\/v2\/types\/page"}],"author":[{"embeddable":true,"href":"https:\/\/bodiljonsson.se\/blog\/wp-json\/wp\/v2\/users\/2"}],"replies":[{"embeddable":true,"href":"https:\/\/bodiljonsson.se\/blog\/wp-json\/wp\/v2\/comments?post=474"}],"version-history":[{"count":1,"href":"https:\/\/bodiljonsson.se\/blog\/wp-json\/wp\/v2\/pages\/474\/revisions"}],"predecessor-version":[{"id":475,"href":"https:\/\/bodiljonsson.se\/blog\/wp-json\/wp\/v2\/pages\/474\/revisions\/475"}],"wp:attachment":[{"href":"https:\/\/bodiljonsson.se\/blog\/wp-json\/wp\/v2\/media?parent=474"}],"curies":[{"name":"wp","href":"https:\/\/api.w.org\/{rel}","templated":true}]}}